s 243 a factor of 141481006?
False
Is 9 a factor of 4767427?
False
Is 6 a factor of 472443?
False
Is 311579 a multiple of 36?
False
Is 403617543 a multiple of 666?
False
Is 600 a factor of 767344200?
True
Does 26 divide 149305390?
True
Does 27 divide 2319409917?
True
Is 29443414 a multiple of 382?
True
Is 1254291490 a multiple of 29?
False
Is 172667931 a multiple of 60?
False
Does 102 divide 1054799817?
False
Is 3866 a factor of 1809598862?
False
Is 83 a factor of 21561159?
True
Is 25 a factor of 16594134?
False
Does 18 divide 5269487?
False
Is 14707358 a multiple of 16?
False
Is 122326182 a multiple of 33?
True
Is 689 a factor of 1460468477?
True
Is 545079432 a multiple of 17?
True
Is 6628459 a multiple of 197?
True
Is 1480191321 a multiple of 51?
False
Does 191 divide 341244064?
False
Is 376676583 a multiple of 48?
False
Does 9123 divide 408635809?
False
Is 703 a factor of 25306594?
True
Does 11 divide 116545649?
True
Is 881 a factor of 240283940?
True
Does 6 divide 7134456?
True
Is 257 a factor of 11293351?
True
Does 11 divide 2017169627?
True
Is 484 a factor of 134208844?
True
Is 119945175 a multiple of 207?
False
Is 34760520 a multiple of 360?
True
Is 99 a factor of 445952875?
False
Is 200862454 a multiple of 382?
False
Does 202 divide 193320910?
False
Is 1985 a factor of 844651245?
True
Does 8 divide 475526280?
True
Is 270 a factor of 8509320?
True
Is 1415 a factor of 85401616?
False
Is 2768160312 a multiple of 6?
True
Is 320210541 a multiple of 65?
False
Is 952 a factor of 40392114?
False
Does 14 divide 48463610?
False
Does 27 divide 1488793999?
False
Is 119862956 a multiple of 166?
True
Is 9064137 a multiple of 213?
False
Is 1546167854 a multiple of 154?
True
Does 1336 divide 28942725?
False
Does 2176 divide 2642377728?
True
Does 11 divide 526929205?
True
Is 27 a factor of 18102476?
False
Does 37 divide 30427614?
False
Does 10 divide 11373070?
True
Does 485 divide 13828805?
True
Does 355 divide 471937710?
True
Is 130 a factor of 318521190?
True
Does 610 divide 50511050?
True
Is 229479960 a multiple of 911?
False
Is 1368374743 a multiple of 107?
True
Is 1992416 a multiple of 181?
False
Is 851 a factor of 3158838814?
True
Does 528 divide 39228288?
True
Does 7919 divide 1637544684?
False
Is 81 a factor of 8272044?
True
Is 171844816 a multiple of 3484?
True
Is 333039819 a multiple of 181?
True
Is 31226258 a multiple of 14?
True
Is 1078111186 a multiple of 1787?
False
Does 609 divide 21372855?
True
Does 1589 divide 346019219?
False
Does 7443 divide 3494026701?
False
Is 4781719308 a multiple of 332?
True
Is 906975790 a multiple of 805?
True
Does 10 divide 9535141?
False
Is 3223205 a multiple of 2?
False
Is 761957293 a multiple of 6?
False
Is 70 a factor of 228416218?
False
Is 48 a factor of 2093938944?
True
Is 12453 a factor of 1803891768?
True
Is 695089369 a multiple of 18?
False
Is 3832 a factor of 105755536?
True
Does 234 divide 2017418714?
False
Does 631 divide 477033476?
True
Is 13 a factor of 234839992?
False
Is 105 a factor of 19462800?
True
Is 125746719 a multiple of 170?
False
Does 29 divide 36745121?
False
Does 2680 divide 81255051?
False
Does 331 divide 7812924?
True
Is 26 a factor of 32462612?
True
Does 29 divide 20205750?
True
Is 22 a factor of 2051346827?
False
Is 293944792 a multiple of 967?
True
Is 26 a factor of 21286954?
True
Does 177 divide 36270132?
True
Does 5 divide 241337010?
True
Is 8713 a factor of 98927402?
True
Is 118735275 a multiple of 1455?
True
Is 12288610 a multiple of 6?
False
Is 36681571 a multiple of 19?
True
Does 58 divide 5642298?
True
Does 22 divide 28208070?
True
Does 1096 divide 19837600?
True
Does 56 divide 15340808?
True
Is 1021540 a multiple of 191?
False
Does 57 divide 60344021?
False
Is 35 a factor of 54840039?
False
Is 302244867 a multiple of 986?
False
Is 8 a factor of 42856887?
False
Does 1621 divide 224109776?
False
Does 159 divide 3914901?
False
Is 1461649372 a multiple of 9?
False
Is 8 a factor of 1224246856?
True
Does 15 divide 437758013?
False
Is 11119930 a multiple of 265?
True
Does 10 divide 8444460?
True
Is 14 a factor of 79666118?
True
Is 58 a factor of 9319911?
False
Is 42025544 a multiple of 38?
False
Is 89387274 a multiple of 2019?
False
Is 558163043 a multiple of 754?
False
Is 40611405 a multiple of 12?
False
Does 8 divide 57098038?
False
Is 411187385 a multiple of 14?
False
Does 6 divide 9361236?
True
Is 65472401 a multiple of 34?
False
Is 31 a factor of 354703457?
True
Is 40 a factor of 738250573?
False
Is 24 a factor of 127168176?
True
Is 1773939622 a multiple of 253?
False
Is 5427 a factor of 358301394?
True
Is 15 a factor of 85957950?
True
Does 629 divide 26013286?
False
Is 33 a factor of 114427842?
False
Is 481431540 a multiple of 754?
False
Does 32 divide 47177071?
False
Is 757977990 a multiple of 165?
True
Is 3021 a factor of 30637781?
False
Does 385 divide 69092870?
True
Is 796572593 a multiple of 307?
True
Is 349599668 a multiple of 223?
False
Is 820 a factor of 12158960?
True
Is 37 a factor of 99407567?
True
Does 187 divide 4067944?
False
Is 7 a factor of 10995208?
True
Is 2894292 a multiple of 36?
True
Does 4057 divide 2752177436?
False
Is 149 a factor of 3888371?
False
Does 1267 divide 216657?
True
Is 150 a factor of 141103529?
False
Does 9 divide 14463513?
True
Does 59 divide 68053579?
False
Does 1477 divide 13804042?
True
Is 45968687 a multiple of 269?
False
Is 1563 a factor of 162416019?
True
Does 122 divide 16220266?
True
Does 492 divide 2246332274?
False
Does 14 divide 171820208?
True
Does 14 divide 16153774?
True
Is 4500 a factor of 5191322990?
False
Is 3328 a factor of 4037827589?
False
Is 16 a factor of 25479777?
False
Does 596 divide 55756374?
False
Is 743607998 a multiple of 1883?
True
Is 1456 a factor of 791582741?
False
Is 1177 a factor of 35534807?
True
Is 7759482 a multiple of 359?
False
Is 1567 a factor of 2875869657?
True
Does 2140 divide 5427433760?
True
Is 10 a factor of 86066035?
False
Does 988 divide 13751543?
False
Does 10 divide 88385371?
False
Is 35322620 a multiple of 1374?
False
Does 972 divide 13768162?
False
Is 18067530 a multiple of 13?
True
Does 29 divide 59406442?
True
Is 23796153 a multiple of 17?
False
Is 25468485 a multiple of 7?
True
Is 1024868976 a multiple of 12?
True
Does 23 divide 370640354?
True
Does 600 divide 275910596?
False
Is 31 a factor of 13510410?
False
Is 161717405 a multiple of 45?
False
Does 102 divide 81321151?
False
Is 2392163 a multiple of 226?
False
Is 11 a factor of 3844262536?
False
Is 7 a factor of 30336183?
False
Does 428 divide 163428804?
True
Does 6422 divide 852791542?
False
Does 86 divide 477334514?
False
Is 249889392 a multiple of 13?
False
Is 190114506 a multiple of 93?
True
Is 45 a factor of 438122443?
False
Does 33 divide 905003418?
True
Does 225 divide 67291918?
False
Is 11 a factor of 192440930?
True
Is 685505452 a multiple of 3748?
True
Is 21364344 a multiple of 27?
True
Is 23 a factor of 151468140?
False
Is 3546830 a multiple of 161?
True
Does 12 divide 142860?
True
Is 548031708 a multiple of 42?
True
Is 878 a factor of 22959475?
False
Is 1761 a factor of 36294210?
True
Is 344764641 a multiple of 221?
True
Does 3369 divide 126041028?
True
Does 196 divide 635031361?
False
Is 36 a factor of 25859674?
False
Is 8 a factor of 9332392?
True
Is 39 a factor of 14665092?
True
Is 133778175 a multiple of 353?
True
Is 61 a factor of 68910297?
True
Is 4502539028 a multiple of 13?
True
Is 14817456 a multiple of 688?
True
Does 379 divide 1538422078?
False
Is 635 a factor of 160659445?
True
Is 43 a factor of 186912785?
False
Is 32 a factor of 2586975360?
True
Is 31912590 a multiple of 8?
False
Is 262749484 a multiple of 17?
True
Does 60 divide 167449015?
False
Is 89 a factor of 443916379?
False
Does 495 divide 40406181?
False
Does 70 divide 70320950?
True
Does 171 divide 1232378?
False
Does 86 divide 200168010?
True
Does 21 divide 18783585?
False
Is 52595182 a multiple of 4710?
False
Is 9897843 a multiple of 57?
False
Is 280 a factor of 58878680?
True
Is 8 a factor of 35088408?
True
Is 902846741 a multiple of 4758?
False
Is 431 a factor of 2031956759?
False
Does 20 divide 298232920?
True
Is 14181408 a multiple of 492?
True
Is 138 a factor of 21309316?
False
Is 91287636 a multiple of 66?
True
Is 470 a factor of 